n - 35, -2*r + 2*n + 80 = 0. What is the highest common divisor of 4173 and r?
39
Suppose 57797 = 104*w - 48907. Calculate the greatest common factor of 189 and w.
27
Let f(c) = -297*c + 313. Let u be f(1). What is the greatest common divisor of u and 1072?
16
Let s = -2146 - -2379. What is the highest common factor of 2 and s?
1
Let i(x) = 3*x**2 + 5 + 23*x**3 - 12*x**3 + 5*x - 10*x**3 + x**2. Let y be i(-2). What is the highest common divisor of y and 5?
1
Let k be ((-6)/(-3) + 10)/((-1)/(-5)). Suppose -19*a - k = -23*a. What is the greatest common factor of a and 435?
15
Let p = 17569 + -17113. Suppose 147 = i + 33. Calculate the greatest common divisor of i and p.
114
Suppose 11*i - 13*i - 3*h = -40, 0 = 10*i - 5*h - 80. What is the highest common factor of i and 5819?
11
Let f be (6/(-4))/(33/(-132)) - -28 - 2. Calculate the highest common factor of 13088 and f.
32
Suppose -264 = 65*k - 71*k. Suppose -2*c = a - 15, -c + 6 = 43*a - k*a. Calculate the highest common factor of c and 448.
7
Let f = -208 + 288. Suppose -5*t + 24 = v, -2*v + 8 + 0 = 0. Suppose 0*g + 438 = 5*k - g, t*g = k - f. What is the highest common factor of k and 22?
22
Let s(g) = -66*g + 3681. Let d be s(49). Calculate the greatest common divisor of 27 and d.
3
Let b be (4/16)/(11/19844). Calculate the greatest common divisor of b and 2009.
41
Suppose 6*n = -6*n + 15*n - 300. What is the greatest common divisor of n and 675?
25
Let u = 3782 - 3757. Calculate the greatest common divisor of u and 70.
5
Let o = -10 - -14. Suppose -o*f = -2*i + 3*i + 1316, 3*i = -3*f - 3957. Let l be (i/(-45))/((-4)/(-6)). Calculate the highest common factor of 484 and l.
44
Suppose -12*y = -4*y - 624. Let h = y + -6. Suppose h*o = 73*o - 32. Calculate the greatest common divisor of 32 and o.
32
Let u be 2/4*8*(-9 + 30). Let p = 91 - u. What is the highest common factor of 119 and p?
7
Let y be (2 + (-101)/(-2))*(81 + -79). What is the greatest common factor of 560 and y?
35
Let g(f) = 15*f**2 - 3*f. Let o be g(-4). Let u = 19 - 20. Let m be u*14/77 - 620/(-22). What is the greatest common factor of o and m?
28
Let a(d) = -3*d**3 - 22*d**2 + 6*d + 217. Let i be a(-9). What is the greatest common divisor of 1917 and i?
71
Suppose -10*a = -3*a. Suppose a = -b + 2*b + 4*b. Suppose -z + 56 + 44 = b. What is the greatest common factor of 40 and z?
20
Let t be 30/(-60)*2*-6. Suppose 4*r - f - 577 = 1195, 5*r - 2232 = -3*f. What is the greatest common factor of r and t?
6
Suppose -96*b - 605 = -107*b. Suppose 72 + 368 = 4*c. Calculate the greatest common divisor of b and c.
55
Suppose 90 - 30 = 2*a - 2*v, -4*v = 5*a - 195. Suppose 8*y = y. Suppose -z - 10 = -3*u, y*u - u + 25 = 4*z. Calculate the greatest common divisor of a and u.
5
Suppose 0 = -2*t + 3*j + 435, -3*t = -2*t - j - 217. Let b = 586 - 574. What is the highest common factor of b and t?
12
Suppose o = 1, 213 = 5*m - 2*m + 3*o. Let b be (126/105)/((-1)/10). Let w be 1*16*((-39)/b - 2). What is the greatest common factor of w and m?
10
Suppose 24*c - 67*c = -1161. Calculate the greatest common divisor of c and 6291.
27
Let y(u) = -4*u**3 - 2*u**2 - 2*u + 2. Let h be y(-5). Let g = h + -327. Let p be 91/(3 - 2) - 1. Calculate the greatest common factor of p and g.
45
Suppose 0 = -97*d + 15348 + 2985. Calculate the greatest common divisor of 783 and d.
27
Let b(a) = -2*a - 10. Let u be b(-5). Suppose -3*l + 20 + 52 = u. Calculate the highest common divisor of l and 24.
24
Suppose -2*h - 3*h - 3*z = -81, 5*h - 2*z = 71. Let n(o) = 163*o + 6595. Let v be n(-40). Calculate the highest common divisor of v and h.
15
Let h(c) = -311*c - 314*c - c**2 - 310*c + 1213*c - 300*c - 19. Suppose g + 3*g = -36. Let m be h(g). Calculate the greatest common divisor of 14 and m.
14
Suppose -h - 73 = -4*n + 57, 2*n + 2*h - 70 = 0. What is the greatest common divisor of 375 and n?
3
Suppose w = 5*h - 114, 4*h - 3*w - 88 = w. Let g = 543 + -290. Calculate the greatest common factor of g and h.
23
Let l be (-188)/(-20) - ((-14)/(-10) - 1). Let w be 6 + 1 - (-4 + l). Suppose w*t = -2, x - 3*x = -5*t - 53. What is the highest common factor of 36 and x?
12
Let l be (-3)/(((-2)/(-87))/(230/(-207))). What is the highest common divisor of 58 and l?
29
Suppose 163*b - 4*m = 171*b - 43056, 4*m = -3*b + 16141. What is the highest common factor of 7 and b?
7
Let g be 4851 + (6 - (-5 + -9)). What is the greatest common divisor of g and 1?
1
Suppose 0 = -4*v - 3*p + 2*p - 1, -4*p - 4 = -v. Suppose r + 71 - 311 = v. What is the highest common divisor of 48 and r?
48
Suppose -11*i - 15 = -f - 6*i, -5*i = 5*f + 75. Let m be (-58)/(-145) + (-996)/f. Calculate the highest common divisor of m and 200.
100
Let z(p) = 3*p**2 + 7*p - 78. Let d be z(6). Calculate the greatest common factor of 872 and d.
8
Suppose 0 = -5*o - 3*f + 7341, -39 = 4*f - 27. Calculate the highest common divisor of 60 and o.
30
Suppose -3*d - 57 = -0*u - 3*u, 60 = 3*u - 2*d. Suppose -21*m - y = -23*m + 72, 3*y + 18 = 0. What is the greatest common divisor of u and m?
11
Suppose -4*g = -4*n + 36872, 13*g + 18460 = 2*n + 8*g. Calculate the greatest common divisor of n and 10.
10
Let a(u) = -1621*u - 4788. Let t be a(-3). Calculate the highest common factor of t and 960.
15
Let l(o) = -116*o - 3. Let u be l(-4). Let a = u + -308. What is the highest common factor of 9 and a?
9
Suppose 25*u - 11*u + 84 = 0. Let n(g) = 4*g**2 + 6*g + 28. Let h be n(u). What is the highest common factor of h and 16?
8
Suppose -257 = -5*h + 613. Let m = -181923 + 181929. Calculate the greatest common divisor of h and m.
6
Let t be 42/273 - (1 - -2303)*(-24)/208. What is the highest common factor of t and 1026?
38
Suppose 0 = -42*y - 18*y + 180. Suppose -y*m = -6*m - 12, 5*f + m = 56. What is the greatest common factor of 1536 and f?
12
Suppose 851 + 1581 = 2*d. Suppose v - 601 = -o - 3*v, -2*o - v + d = 0. Suppose 36*c + o = 39*c. Calculate the highest common factor of c and 29.
29
Let c = 39 - -276. Let w(g) = 9*g**2 + 43*g + 154. Let d be w(-4). What is the greatest common divisor of c and d?
63
Suppose i + 136 = 5*i. Suppose 1 + 47 = -12*w. Let y(u) = -u**3 - u**2 + 3. Let d be y(w). What is the highest common divisor of d and i?
17
Let x(z) = -z**3 - 12*z**2 + 125*z + 70. Let l be x(7). Let n = 33 - -72. Calculate the greatest common divisor of l and n.
7
Let s be -210*(1 - 1 - 2). Suppose -38*a + 1834 = 68*a - 2621 + 1487. What is the highest common divisor of a and s?
28
Let k = 173 - 56. Let l = 7502 - 7493. What is the greatest common divisor of k and l?
9
Let v be 12/(84/343) - 5. Calculate the greatest common divisor of v and 2662.
22
Let g(q) = -25*q**3 - 33*q - 71. Let i be g(-2). Calculate the highest common divisor of 45 and i.
15
Let d be (-6)/18 - 1/(-3). Let q(n) = 7 - 3*n + n**2 - 6*n + 12*n. Let z be q(d). Calculate the highest common factor of 35 and z.
7
Let f = -2338 - -2367. What is the highest common divisor of f and 29?
29
Suppose -74*s - 588 = -70*s. Let a = 285 + s. Let b(k) = k**3 + 9*k**2 + k - 10. Let j be b(-8). What is the greatest common factor of a and j?
46
Suppose -3*r + 7*r + 96 = 0. Let h = r + 18. Let z = h + 9. What is the greatest common factor of 1 and z?
1
Suppose -2464 = -11*t + 4*t. Let m(x) = x**3 + x**2 - 42*x + 11. Let b be m(6). What is the highest common factor of t and b?
11
Let n(d) = 2*d**3 - 15*d**2 - 8*d - 12. Let o = 30 - 21. Let p be n(o). Let f = 247 - p. Calculate the greatest common factor of f and 8.
8
Suppose o - 10*o = -7515. Let p = o + -530. What is the highest common factor of p and 122?
61
Let o be -1*1*-1 - -30. Let q = 1215 - 758. Let h = -116 + q. What is the highest common factor of o and h?
31
Suppose 134*u - 4*s - 10395 = 133*u, -3*u - s = -31185. Calculate the highest common divisor of 27 and u.
27
Suppose -y = q - 20, -2*y + 0*y - 114 = -5*q. Suppose 6*s = -5*s + q. Let a be 327/5 + (-4)/20*s. What is the highest common factor of a and 10?
5
Let w(i) = 4*i**2 + 7*i + 4. Let y be w(-2). Let f(g) = 2*g**3 - 11*g**2 - g - 22. Let q be f(y). Calculate the greatest common factor of q and 36.
4
Let j be ((-1800)/(-1125))/(2/150). What is the highest common factor of 1704 and j?
24
Suppose 4*h + 5*g - 141 - 15 = 0, -2*h = 2*g - 78. Suppose 5412 = h*v - 27*v. 